ime factors of 4717?
53, 89
What are the prime factors of 350?
2, 5, 7
List the prime factors of 54644.
2, 19, 719
What are the prime factors of 22670?
2, 5, 2267
List the prime factors of 38818.
2, 13, 1493
What are the prime factors of 38418?
2, 3, 19, 337
List the prime factors of 945.
3, 5, 7
What are the prime factors of 42433?
42433
What are the prime factors of 447?
3, 149
List the prime factors of 761.
761
List the prime factors of 17890.
2, 5, 1789
What are the prime factors of 48816?
2, 3, 113
What are the prime factors of 1290?
2, 3, 5, 43
What are the prime factors of 172?
2, 43
List the prime factors of 3201.
3, 11, 97
List the prime factors of 2776.
2, 347
What are the prime factors of 19923?
3, 29, 229
List the prime factors of 7165.
5, 1433
List the prime factors of 5719.
7, 19, 43
What are the prime factors of 833?
7, 17
List the prime factors of 1520.
2, 5, 19
List the prime factors of 10336.
2, 17, 19
List the prime factors of 2915.
5, 11, 53
List the prime factors of 15822.
2, 3, 293
What are the prime factors of 40635?
3, 5, 7, 43
List the prime factors of 14203.
7, 2029
List the prime factors of 6152.
2, 769
List the prime factors of 1707.
3, 569
List the prime factors of 170.
2, 5, 17
What are the prime factors of 15116?
2, 3779
What are the prime factors of 31885?
5, 7, 911
List the prime factors of 1542.
2, 3, 257
What are the prime factors of 1849?
43
What are the prime factors of 44707?
13, 19, 181
List the prime factors of 13760.
2, 5, 43
List the prime factors of 4605.
3, 5, 307
What are the prime factors of 2884?
2, 7, 103
List the prime factors of 1264.
2, 79
List the prime factors of 2234.
2, 1117
List the prime factors of 18267.
3, 6089
List the prime factors of 8184.
2, 3, 11, 31
What are the prime factors of 711?
3, 79
List the prime factors of 127576.
2, 37, 431
What are the prime factors of 4700?
2, 5, 47
What are the prime factors of 814?
2, 11, 37
List the prime factors of 5394.
2, 3, 29, 31
What are the prime factors of 124946?
2, 62473
List the prime factors of 794.
2, 397
What are the prime factors of 148972?
2, 37243
List the prime factors of 1144.
2, 11, 13
List the prime factors of 4837.
7, 691
List the prime factors of 8465.
5, 1693
List the prime factors of 68116.
2, 17029
What are the prime factors of 476?
2, 7, 17
What are the prime factors of 936?
2, 3, 13
List the prime factors of 23687.
23687
What are the prime factors of 5396?
2, 19, 71
List the prime factors of 18447.
3, 11, 13, 43
What are the prime factors of 6179?
37, 167
What are the prime factors of 974?
2, 487
What are the prime factors of 999?
3, 37
What are the prime factors of 1591?
37, 43
List the prime factors of 3045.
3, 5, 7, 29
What are the prime factors of 3302?
2, 13, 127
List the prime factors of 36782.
2, 53, 347
List the prime factors of 547.
547
List the prime factors of 77465.
5, 15493
List the prime factors of 69436.
2, 17359
What are the prime factors of 1087?
1087
What are the prime factors of 1684?
2, 421
What are the prime factors of 1764?
2, 3, 7
What are the prime factors of 79889?
79889
What are the prime factors of 206837?
397, 521
What are the prime factors of 10337?
10337
What are the prime factors of 17498?
2, 13, 673
List the prime factors of 147.
3, 7
List the prime factors of 80240.
2, 5, 17, 59
List the prime factors of 14138.
2, 7069
What are the prime factors of 6179?
37, 167
What are the prime factors of 2896?
2, 181
What are the prime factors of 25274?
2, 12637
What are the prime factors of 4186?
2, 7, 13, 23
What are the prime factors of 125780?
2, 5, 19, 331
List the prime factors of 2893.
11, 263
List the prime factors of 10553.
61, 173
List the prime factors of 173.
173
List the prime factors of 60168.
2, 3, 23, 109
List the prime factors of 30761.
19, 1619
What are the prime factors of 17043?
3, 13, 19, 23
What are the prime factors of 45254?
2, 11, 17
List the prime factors of 539.
7, 11
List the prime factors of 89810.
2, 5, 7, 1283
What are the prime factors of 1898?
2, 13, 73
List the prime factors of 1370.
2, 5, 137
What are the prime factors of 1031?
1031
What are the prime factors of 2513?
7, 359
What are the prime factors of 49785?
3, 5, 3319
List the prime factors of 4939.
11, 449
What are the prime factors of 2333?
2333
List the prime factors of 4168.
2, 521
What are the prime factors of 20830?
2, 5, 2083
What are the prime factors of 871?
13, 67
List the prime factors of 40081.
149, 269
What are the prime factors of 39?
3, 13
What are the prime factors of 7467?
3, 19, 131
What are the prime factors of 5669?
5669
What are the prime factors of 663?
3, 13, 17
What are the prime factors of 2030?
2, 5, 7, 29
List the prime factors of 1213.
1213
List the prime factors of 14216.
2, 1777
What are the prime factors of 3654?
2, 3, 7, 29
List the prime factors of 928.
2, 29
What are the prime factors of 25682?
2, 12841
List the prime factors of 4845.
3, 5, 17, 19
What are the prime factors of 1258?
2, 17, 37
What are the prime factors of 432?
2, 3
What are the prime factors of 617?
617
List the prime factors of 35902.
2, 29, 619
List the prime factors of 108706.
2, 13, 37, 113
List the prime factors of 81560.
2, 5, 2039
What are the prime factors of 62581?
62581
What are the prime factors of 599?
599
What are the prime factors of 14040?
2, 3, 5, 13
List the prime factors of 11883.
3, 17, 233
List the prime factors of 2505.
3, 5, 167
What are the prime factors of 14352?
2, 3, 13, 23
List the prime factors of 34619.
13, 2663
List the prime factors of 2208.
2, 3, 23
What are the prime factors of 1326?
2, 3, 13, 17
List the prime factors of 21453.
3, 7151
List the prime factors of 49197.
3, 23, 31
List the prime factors of 153.
3, 17
List the prime factors of 454.
2, 227
List the prime factors of 3759.
3, 7, 179
What are the prime factors of 79702?
2, 7, 5693
List the prime factors of 27334.
2, 79, 173
List the prime factors of 10192.
2, 7, 13
List the prime factors of 608.
2, 19
List the prime factors of 2501.
41, 61
List the prime factors of 1550.
2, 5, 31
List the prime factors of 3910.
2, 5, 17, 23
List the prime factors of 35027.
35027
List the prime factors of 2491.
47, 53
What are the prime factors of 131?
131
What are the prime factors of 63852?
2, 3, 17, 313
What are the prime factors of 3516?
2, 3, 293
List the prime factors of 8440.
2, 5, 211
What are the prime factors of 685?
5, 137
List the prime factors of 49248.
2, 3, 19
List the prime factors of 864.
2, 3
List the prime factors of 1018.
2, 509
What are the prime factors of 31939?
19, 41
List the prime factors of 2301.
3, 13, 59
What are the prime factors of 3457?
3457
List the prime factors of 4481.
4481
What are the prime factors of 49904?
2, 3119
List the prime factors of 258.
2, 3, 43
List the prime factors of 13659.
3, 29, 157
What are the prime factors of 1004?
2, 251
List the prime factors of 10621.
13, 19, 43
What are the prime factors of 4367?
11, 397
List the prime factors of 29435.
5, 7, 29
What are the prime factors of 1399?
1399
List the prime factors of 10296.
2, 3, 11, 13
What are the prime factors of 5409?
3, 601
What are the prime factors of 41697?
3, 41, 113
What are the prime factors of 2071?
19, 109
What are the prime factors of 13708?
2, 23, 149
What are the prime factors of 19920?
2, 3, 5, 83
What are the prime factors of 19018?
2, 37, 257
List the prime factors of 8442.
2, 3, 7, 67
What are the prime factors of 34091?
73, 467
What are the prime factors of 33981?
3, 47, 241
What are the prime factors of 485?
5, 97
List the prime factors of 1376.
2, 43
List the prime factors of 11230.
2, 5, 1123
List the prime factors of 100197.
3, 1237
What are the prime factors of 9529?
13, 733
What are the prime factors of 13021?
29, 449
List the prime factors of 32696.
2, 61, 67
List the prime factors of 8246.
2, 7, 19, 31
List the prime factors of 23845.
5, 19, 251
List the prime factors of 26184.
2, 3, 1091
What are the prime factors of 750?
2, 3, 5
What are the prime factors of 2588?
2, 647
List the prime factors of 2082.
2, 3, 347
What are the prime factors of 17682?
2, 3, 7, 421
List the prime factors of 467.
467
What are the prime factors of 26142?
2, 3, 4357
List the prime factors of 52128.
2, 3, 181
List the prime